{"id":321,"date":"2019-01-11T11:50:14","date_gmt":"2019-01-11T11:50:14","guid":{"rendered":"http:\/\/enjl.ee\/?page_id=321"},"modified":"2019-01-11T11:52:18","modified_gmt":"2019-01-11T11:52:18","slug":"andmekaitsespetsialistide-vorgustik","status":"publish","type":"page","link":"https:\/\/enjl.ee\/index.php\/andmekaitsespetsialistide-vorgustik\/","title":{"rendered":"Andmekaitsespetsialistide v\u00f5rgustik"},"content":{"rendered":"<p>Eesti Naisjuristide Liidu ja Estonian Women programmers IT tiimi  ning  Eesti isikuandmete Kaitse Sihtasutuse koost\u00f6\u00f6v\u00f5rgustiku esindajate t\u00e4nasel kohtumisel arutati \u00fchenduste koost\u00f6\u00f6d, andmekaitse ja IT spetsialistide koost\u00f6\u00f6 v\u00f5imalustest ning uutest plaanidest.<br \/>\n\u00dchendused koondavad oma v\u00f5rgustikes tippspetsialiste, kes on l\u00e4binud  andmekaitsespetsialistide t\u00e4iendkoolitused ning omavad eksperdi tasemel vajalikku kvalifikatsiooni.<br \/>\nENJL ja Estonian Women Programmers (EWP)  IT tiimil  on juba suured kogemused nais\u00fchenduste digiturvalisuse koolitamisega ja \u00f6\u00f6progemiste seminaridega,   Tagasi Kooli programmis osaleti  KoodiTund projektis,  koost\u00f6\u00f6s  Naiskodukaitsega on  koolitatud kodut\u00fctreid ja noorkotkaid.<br \/>\nTuult tiibadesse ja head koost\u00f6\u00f6d!<\/p>\n","protected":false},"excerpt":{"rendered":"<p>Eesti Naisjuristide Liidu ja Estonian Women programmers IT tiimi ning Eesti isikuandmete Kaitse Sihtasutuse koost\u00f6\u00f6v\u00f5rgustiku esindajate t\u00e4nasel kohtumisel arutati \u00fchenduste koost\u00f6\u00f6d, andmekaitse [&hellip;]<\/p>\n","protected":false},"author":1,"featured_media":0,"parent":0,"menu_order":0,"comment_status":"closed","ping_status":"closed","template":"","meta":{"_acf_changed":false,"footnotes":""},"class_list":["post-321","page","type-page","status-publish","hentry"],"acf":[],"_links":{"self":[{"href":"https:\/\/enjl.ee\/index.php\/wp-json\/wp\/v2\/pages\/321","targetHints":{"allow":["GET"]}}],"collection":[{"href":"https:\/\/enjl.ee\/index.php\/wp-json\/wp\/v2\/pages"}],"about":[{"href":"https:\/\/enjl.ee\/index.php\/wp-json\/wp\/v2\/types\/page"}],"author":[{"embeddable":true,"href":"https:\/\/enjl.ee\/index.php\/wp-json\/wp\/v2\/users\/1"}],"replies":[{"embeddable":true,"href":"https:\/\/enjl.ee\/index.php\/wp-json\/wp\/v2\/comments?post=321"}],"version-history":[{"count":1,"href":"https:\/\/enjl.ee\/index.php\/wp-json\/wp\/v2\/pages\/321\/revisions"}],"predecessor-version":[{"id":322,"href":"https:\/\/enjl.ee\/index.php\/wp-json\/wp\/v2\/pages\/321\/revisions\/322"}],"wp:attachment":[{"href":"https:\/\/enjl.ee\/index.php\/wp-json\/wp\/v2\/media?parent=321"}],"curies":[{"name":"wp","href":"https:\/\/api.w.org\/{rel}","templated":true}]}}